{"id":12687,"date":"2023-01-14T15:35:00","date_gmt":"2023-01-14T15:35:00","guid":{"rendered":"https:\/\/smartlifeworld.org\/?page_id=12687"},"modified":"2023-04-18T20:07:50","modified_gmt":"2023-04-18T20:07:50","slug":"seleccion","status":"publish","type":"page","link":"https:\/\/smartlifeworld.org\/?page_id=12687","title":{"rendered":"Selecci\u00f3n"},"content":{"rendered":"<div class=\"wpb-content-wrapper\"><p>[vc_row css=\u00bb.vc_custom_1676315253412{border-bottom-width: 100px !important;padding-top: 100px !important;}\u00bb][vc_column][vc_custom_heading text=\u00bbReciba un cordial saludo del equipo de Recursos Humanos de<br \/>\nSMART Life Consulting Group.\u00bb font_container=\u00bbtag:h2|text_align:center\u00bb use_theme_fonts=\u00bbyes\u00bb][\/vc_column][\/vc_row][vc_row][vc_column css=\u00bb.vc_custom_1668008199388{margin-top: 50px !important;margin-bottom: 50px !important;}\u00bb][vc_column_text]Como parte del proceso de selecci\u00f3n en el que est\u00e1s participando, te pedimos diligenciar dos formularios.<\/p>\n<p>&nbsp;<\/p>\n<ul>\n<li>El primero, de ellos pretende conocer la informaci\u00f3n sociodemogr\u00e1fico sobre ti y tu entorno.<\/li>\n<li>El segundo, es una prueba de personalidad.<\/li>\n<\/ul>\n<p>&nbsp;<\/p>\n<p>Te tomar\u00e1 aproximadamente unos 40 minutos realizar ambos formularios, te recomendamos hacerlo en un ambiente tranquilo y sin interrupciones.<\/p>\n<p>&nbsp;<\/p>\n<p>Tienes un plazo de tres d\u00edas.[\/vc_column_text]\r<!-- rt-button2 -->\r<div class=\"rt-button2 element-two hover-style-four ex662bd1fcd09931a  font-bold\"  data-button-direction=\"center\" data-button-fullwidth=\"false\" ><a style=\" color: #ffffff; line-height: 14px; font-size: 12px;\" class=\"rt-button2-main  vc_custom_1681848463950\" href=\"https:\/\/smartlifeworld.org\/seleccion-form\/\"  title=\"\" target=\"_self\"><div class=\"overlay\"><\/div><div class=\"placeholder\">Comenzar<\/div><\/a><\/div>\r<!-- rt-button2 -->\r[\/vc_column][\/vc_row]<\/p>\n<\/div>","protected":false},"excerpt":{"rendered":"<p>[vc_row css=\u00bb.vc_custom_1676315253412{border-bottom-width: 100px !important;padding-top: 100px !important;}\u00bb][vc_column][vc_custom_heading text=\u00bbReciba un cordial saludo del equipo de Recursos Humanos de SMART Life Consulting Group.\u00bb font_container=\u00bbtag:h2|text_align:center\u00bb use_theme_fonts=\u00bbyes\u00bb][\/vc_column][\/vc_row][vc_row][vc_column css=\u00bb.vc_custom_1668008199388{margin-top: 50px !important;margin-bottom: 50px !important;}\u00bb][vc_column_text]Como parte del proceso de selecci\u00f3n en el que est\u00e1s participando, te pedimos diligenciar dos formularios. &nbsp; El primero, de ellos pretende conocer la informaci\u00f3n sociodemogr\u00e1fico sobre ti y [&hellip;]<\/p>\n","protected":false},"author":2,"featured_media":0,"parent":0,"menu_order":0,"comment_status":"closed","ping_status":"closed","template":"","meta":{"content-type":"","footnotes":""},"class_list":["post-12687","page","type-page","status-publish","hentry"],"lang":"es","translations":{"es":12687,"en":12859},"pll_sync_post":[],"_links":{"self":[{"href":"https:\/\/smartlifeworld.org\/index.php?rest_route=\/wp\/v2\/pages\/12687","targetHints":{"allow":["GET"]}}],"collection":[{"href":"https:\/\/smartlifeworld.org\/index.php?rest_route=\/wp\/v2\/pages"}],"about":[{"href":"https:\/\/smartlifeworld.org\/index.php?rest_route=\/wp\/v2\/types\/page"}],"author":[{"embeddable":true,"href":"https:\/\/smartlifeworld.org\/index.php?rest_route=\/wp\/v2\/users\/2"}],"replies":[{"embeddable":true,"href":"https:\/\/smartlifeworld.org\/index.php?rest_route=%2Fwp%2Fv2%2Fcomments&post=12687"}],"version-history":[{"count":5,"href":"https:\/\/smartlifeworld.org\/index.php?rest_route=\/wp\/v2\/pages\/12687\/revisions"}],"predecessor-version":[{"id":13198,"href":"https:\/\/smartlifeworld.org\/index.php?rest_route=\/wp\/v2\/pages\/12687\/revisions\/13198"}],"wp:attachment":[{"href":"https:\/\/smartlifeworld.org\/index.php?rest_route=%2Fwp%2Fv2%2Fmedia&parent=12687"}],"curies":[{"name":"wp","href":"https:\/\/api.w.org\/{rel}","templated":true}]}}