{"id":12639,"date":"2023-01-11T04:15:46","date_gmt":"2023-01-11T04:15:46","guid":{"rendered":"https:\/\/smartlifeworld.org\/?page_id=12639"},"modified":"2023-03-17T20:26:47","modified_gmt":"2023-03-17T20:26:47","slug":"smartlife-foundation","status":"publish","type":"page","link":"https:\/\/smartlifeworld.org\/?page_id=12639","title":{"rendered":"SmartLife Foundation"},"content":{"rendered":"<div class=\"wpb-content-wrapper\"><p>[vc_row full_width=\u00bbstretch_row\u00bb css=\u00bb.vc_custom_1675625092208{padding-right: 50px !important;padding-left: 50px !important;}\u00bb][vc_column css=\u00bb.vc_custom_1675800607830{padding-right: 3% !important;padding-left: 6% !important;}\u00bb][vc_single_image image=\u00bb12653&#8243; img_size=\u00bbfull\u00bb][vc_column_text]<strong>SMART Life Foundation<\/strong> se estableci\u00f3 en el a\u00f1o 2015. Fu\u00e9 creada con la finalidad de proporcionar bienestar a nuestra comunidad, con la participaci\u00f3n c\u00edvica de nuestros colegas, familias y empresa privada.<\/p>\n<p>&nbsp;<\/p>\n<p>Su misi\u00f3n est\u00e1 enfocada en satisfacer las necesidades de nuestra comunidad.<br \/>\nLos l\u00edderes de SMART Life Consulting Group, junto a nuestros hijos, clientes y amigos, participan activamente para apoyar a nuestra comunidad, principalmente a nuestros ni\u00f1os y ancianos. Nuestra organizaci\u00f3n tambi\u00e9n se asocia directamente con otras organizaciones para apoyar la educaci\u00f3n y otras importantes iniciativas comunitarias.<\/p>\n<p>&nbsp;<\/p>\n<p>SMART Life Foundation siempre est\u00e1 abierto a apoyar el esfuerzo de voluntarios y campa\u00f1as de donaci\u00f3n.<br \/>\nAnualmente, SMART Life organiza un par de campa\u00f1as de donaci\u00f3n con una variedad de eventos caritativos para apoyar escuelas. Tambi\u00e9n nos unimos a otras organizaciones y patrocinantes corporativos, para duplicar el impacto de esas donaciones individuales a organizaciones en todo el pa\u00eds.<br \/>\nNos enorgullece estar comprometidos con la construcci\u00f3n de una comunidad fuerte y justa, en beneficio de nuestros pa\u00edses de Latinoam\u00e9rica. Creemos que siempre es el momento adecuado para hacer lo correcto.<br \/>\n<strong><span style=\"color: #fd4f00;\">\u00a1SMART Life Foundation ama tanto a tu familia como t\u00fa!<\/span><\/strong>[\/vc_column_text][vc_empty_space height=\u00bb40px\u00bb][\/vc_column][\/vc_row][vc_row full_width=\u00bbstretch_row\u00bb bg_type=\u00bbbg_color\u00bb bg_color_value=\u00bb#f2f2f2&#8243; css=\u00bb.vc_custom_1675625110827{padding-right: 50px !important;padding-left: 50px !important;}\u00bb][vc_column][vc_gallery type=\u00bbimage_grid\u00bb images=\u00bb12660,12661,12662,12663,12664,12665,12666&#8243; img_size=\u00bbmedium\u00bb][\/vc_column][\/vc_row][vc_row full_width=\u00bbstretch_row\u00bb bg_type=\u00bbbg_color\u00bb bg_color_value=\u00bb#f2f2f2&#8243; css=\u00bb.vc_custom_1675625110827{padding-right: 50px !important;padding-left: 50px !important;}\u00bb][vc_column][vc_gallery type=\u00bbimage_grid\u00bb images=\u00bb13128,13129,13130,13131,13132,13133,13134&#8243; img_size=\u00bbmedium\u00bb][\/vc_column][\/vc_row][vc_row full_width=\u00bbstretch_row\u00bb css=\u00bb.vc_custom_1675625144852{padding-right: 50px !important;padding-left: 50px !important;}\u00bb][vc_column width=\u00bb1\/3&#8243;][vc_video link=\u00bbhttps:\/\/youtu.be\/3Ny5TL76VVk\u00bb][\/vc_column][vc_column width=\u00bb1\/3&#8243;][vc_video link=\u00bbhttps:\/\/youtu.be\/FF4hKGGd6_E\u00bb][\/vc_column][vc_column width=\u00bb1\/3&#8243;][vc_video link=\u00bbhttps:\/\/youtu.be\/1yFKRn6nOwQ\u00bb][\/vc_column][\/vc_row]<\/p>\n<\/div>","protected":false},"excerpt":{"rendered":"<p>[vc_row full_width=\u00bbstretch_row\u00bb css=\u00bb.vc_custom_1675625092208{padding-right: 50px !important;padding-left: 50px !important;}\u00bb][vc_column css=\u00bb.vc_custom_1675800607830{padding-right: 3% !important;padding-left: 6% !important;}\u00bb][vc_single_image image=\u00bb12653&#8243; img_size=\u00bbfull\u00bb][vc_column_text]SMART Life Foundation se estableci\u00f3 en el a\u00f1o 2015. Fu\u00e9 creada con la finalidad de proporcionar bienestar a nuestra comunidad, con la participaci\u00f3n c\u00edvica de nuestros colegas, familias y empresa privada. &nbsp; Su misi\u00f3n est\u00e1 enfocada en satisfacer las necesidades de nuestra [&hellip;]<\/p>\n","protected":false},"author":1,"featured_media":0,"parent":0,"menu_order":0,"comment_status":"closed","ping_status":"closed","template":"","meta":{"content-type":"","footnotes":""},"class_list":["post-12639","page","type-page","status-publish","hentry"],"lang":"es","translations":{"es":12639,"en":12836},"pll_sync_post":[],"_links":{"self":[{"href":"https:\/\/smartlifeworld.org\/index.php?rest_route=\/wp\/v2\/pages\/12639","targetHints":{"allow":["GET"]}}],"collection":[{"href":"https:\/\/smartlifeworld.org\/index.php?rest_route=\/wp\/v2\/pages"}],"about":[{"href":"https:\/\/smartlifeworld.org\/index.php?rest_route=\/wp\/v2\/types\/page"}],"author":[{"embeddable":true,"href":"https:\/\/smartlifeworld.org\/index.php?rest_route=\/wp\/v2\/users\/1"}],"replies":[{"embeddable":true,"href":"https:\/\/smartlifeworld.org\/index.php?rest_route=%2Fwp%2Fv2%2Fcomments&post=12639"}],"version-history":[{"count":17,"href":"https:\/\/smartlifeworld.org\/index.php?rest_route=\/wp\/v2\/pages\/12639\/revisions"}],"predecessor-version":[{"id":13190,"href":"https:\/\/smartlifeworld.org\/index.php?rest_route=\/wp\/v2\/pages\/12639\/revisions\/13190"}],"wp:attachment":[{"href":"https:\/\/smartlifeworld.org\/index.php?rest_route=%2Fwp%2Fv2%2Fmedia&parent=12639"}],"curies":[{"name":"wp","href":"https:\/\/api.w.org\/{rel}","templated":true}]}}